c - 20*c. Let i = 3 + 2. Suppose -3*h + 12 = -i*n, -3*h - n - 7 + 1 = 0. What is j(h)?
-5
Let x(y) = -17*y + 5*y**2 + 5*y**2 - 22*y**2 + 11*y**2 + 67. Let i be x(-20). Let s(k) = -k**2 + 4*k + 10. Give s(i).
-11
Let r(x) be the second derivative of -x**5/20 - 2*x**4/3 + x**3 + 2*x**2 + 55*x + 58. Suppose -2*m = 2*o + 28, -2*m = -3*m - 2*o - 19. Determine r(m).
31
Let x(f) = -11*f - 993. Let a be x(-88). Let t(y) = y**3 + 26*y**2 + 22*y - 62. Calculate t(a).
13
Suppose 57 + 96 + 0 = 51*q. Let o(a) be the third derivative of -a**5/12 + a**4/8 - a**3/3 - 21*a**2. What is o(q)?
-38
Let c(f) be the first derivative of -f**4/4 - 4*f**3/3 - f**2/2 - 4*f - 162. Suppose -2*o - 2*n = n - 1, 4*o = n - 19. Give c(o).
0
Let r(q) = q - 13*q**3 - 7*q + 12*q**2 + 2*q**3 + 5*q**3. Let a(m) = m**3 - m**2 + m. Let x(t) = 5*a(t) + r(t). Let y be 7/(-8)*-2*4. Give x(y).
-7
Let c(z) be the first derivative of -2*z**3/3 + 15*z**2/2 - 14*z - 578. Calculate c(7).
-7
Let v(z) = 3*z - 10. Let g(p) = -p**3 - p**2 - p - 1. Let x(j) = -5*j**3 + 16*j**2 + 18*j - 21. Let i(f) = -4*g(f) + x(f). Let l be i(21). Determine v(l).
2
Let c(y) = 2*y + 6 + 684*y**2 + 0 - 1372*y**2 + 686*y**2. Give c(-6).
-78
Let x(s) = 4*s - 1. Let d(v) = 25*v - 14. Let m(c) = -d(c) + 6*x(c). What is m(6)?
2
Let x(v) be the second derivative of v**5/20 - 11*v**4/12 - 5*v**2/2 + 614*v. What is x(11)?
-5
Let k(t) = t - 1. Let o(i) be the first derivative of -i**2 + 10*i + 93. Let a(g) = -3*k(g) - o(g). Give a(7).
-14
Let f(d) = -d - 7. Let a(c) = -6*c - 36. Let k(m) = 2*a(m) - 11*f(m). Suppose -35*v - 104 = 99 + 7. Determine k(v).
11
Let w(z) = -12 + 10 + 3 + 2*z. Let d(m) = 5*m + 7. Let n(t) = d(t) - 3*w(t). Give n(5).
-1
Let r(b) = -4 - 3*b**2 - b + 5*b + b. Suppose -2*s - 2*s - 4*s = -24. Calculate r(s).
-16
Let r be ((-3)/9)/(3/423). Let u = r + 58. Let q(i) = 5*i - 4. Let g(b) = 14*b - 11. Let y(z) = u*q(z) - 4*g(z). Determine y(-2).
2
Let i(f) be the first derivative of f**2/2 + 24*f + 1511. Give i(-14).
10
Let j(y) be the second derivative of y**3/6 - 13*y**2/2 + 133*y. Suppose -3 - 47 = -10*o. Give j(o).
-8
Let y(f) = -f + 12. Let n be 95/(-25) - 4/20. Let q be (-925)/(-100) + (-3)/n. What is y(q)?
2
Let y(c) = c**3 + 7*c**2 + 5*c - 6. Let n(r) = 7*r**3 + 4*r**2 + 5*r + 2. Let h be n(-1). Give y(h).
0
Let b(y) = -5 + 0 + 5*y**2 - y**2 - 5*y**2 - 6*y. Let r be (-16)/(-4 - 0) - (-2 - -10). Give b(r).
3
Suppose 5 = k + 2*i, -929*i + 25 = -924*i. Let t(p) = -p**2 + 3*p - 2. Let z(x) = x**2 - 2*x + 2. Let w(b) = 6*t(b) + 7*z(b). What is w(k)?
7
Let s(u) = -808*u + 409*u + 32 + 404*u. Give s(-7).
-3
Let q(l) = -33*l**3 - 18*l**2 - 59*l + 19. Let d(n) = -148*n**3 - 73*n**2 - 235*n + 77. Let b(z) = -2*d(z) + 9*q(z). Determine b(-9).
-1
Let j(c) be the second derivative of c**5/20 + 5*c**4/6 - 5*c**3/6 + 313*c. Let k(y) = 3*y**3 + 20*y**2 - 10*y + 1. Let q(r) = -7*j(r) + 3*k(r). What is q(4)?
-9
Let p(n) = -n + 1. Let b(m) = -2*m - 1. Let k(g) = b(g) + 3*p(g). Let u(a) = 5*a - 14*a - 69 + 17 - 74 + 25*a. Let c be u(8). Determine k(c).
-8
Let i(g) be the first derivative of 2*g**2 + 1/12*g**4 - 11*g + 1/2*g**3 + 32. Let b(f) be the first derivative of i(f). Give b(-4).
8
Let s(k) = 6*k + 224. Let t be s(-37). Let q(v) = 5*v. What is q(t)?
10
Let t be 36/7*63/6 + 4. Let h = t - 54. Let k(n) be the second derivative of -n**4/6 + n**3 + n. Determine k(h).
-8
Let f be -2*((-190)/(-20) + 1*-7). Let t(o) = o**3 + 5*o**2 + 9. Determine t(f).
9
Let g(b) = b**2 - 5*b - 6. Let f be g(6). Let i(s) = 7*s - 8 + 1 + f + s**2 - 3*s. Suppose 0 = 753*m - 769*m - 80. What is i(m)?
-2
Let l = 184 - 25. Suppose -l*k = -161*k + 10. Let a(m) = -m**3 + 5*m**2 + 2*m - 4. What is a(k)?
6
Let h = 336 - 287. Suppose -h = 9*c + 41. Let f(o) = 4 - 2*o + 3*o + 0*o. Give f(c).
-6
Let p(z) = -158*z + 9319. Let y be p(59). Let l(u) = u**2 - 14*u - 35. Determine l(y).
16
Let z(t) = 2*t**3 - 2*t**2 - 2*t - 4. Let a(p) = -2*p**2 - 19*p - 9. Let m be a(-4). Suppose -2*d + 9 + 17 = -5*x, -5*x = -5*d + m. Calculate z(d).
26
Let a be (25 + -21)*9/4. Let n(h) = 6 + a*h - 3 + h**3 - 10*h**2 - 13 + 4. Give n(9).
-6
Let x(c) = -4*c + 31. Let q be x(6). Suppose -42*u + 41*u = q. Let t(g) be the first derivative of -g**4/4 - 7*g**3/3 + g**2 + 8*g + 1. Give t(u).
-6
Let t be 36/(-48)*(-16)/6. Suppose -3*b + 60 = t*u - 5*u, -4*b - u + 55 = 0. Let x(p) = -5 - p + 3*p + b*p**3 + 6 - p. What is x(-1)?
-15
Let a(f) be the third derivative of f**8/20160 - f**7/840 - f**6/90 + f**5/60 + 149*f**3/6 + 87*f**2. Let o(g) be the third derivative of a(g). Calculate o(7).
-1
Let p(w) = -3*w + 7. Let m be (6/4)/(3/8). Let k(q) = 495*q + 5. Let d be k(0). Suppose -m*u = 2*o - d*o + 4, -u = o - 13. Calculate p(o).
-17
Let m = -8667 - -8648. Let o(d) = -d**2 - 15*d + 53. What is o(m)?
-23
Suppose 2*w = 4*z + 6, -w - 12 = -0*z - 5*z. Let s(p) = -3*p + 14. Let k(n) = -n + 4. Let h(b) = -8*k(b) + 3*s(b). Give h(w).
-3
Let k(m) be the first derivative of 7*m**2/2 + 3*m - 146. Let c be k(1). Let a(d) = d - 9. What is a(c)?
1
Let f(k) = -k + 14. Let c be f(11). Let w(l) = 2*l**2 + l + 5*l + 0*l**3 - 5 - l**c - l - 8*l**2. Calculate w(-6).
-35
Let s(r) = -5*r**3 - 69*r**2 - 20*r + 194. Let f(w) = -3*w**3 - 34*w**2 - 11*w + 97. Let j(m) = 7*f(m) - 4*s(m). Determine j(38).
17
Suppose 3*x = 3*p + 12, 2*p - 11 + 19 = 4*x. Suppose x*c + 5*c + 20 = 0. Let v(w) = w**2 + 2*w + 4. Determine v(c).
12
Suppose -46*c - 190 = -106*c + 41*c. Let n(f) = f**2 - 8*f + 7. What is n(c)?
27
Let y(b) = b**2 - 15*b - 7. Let g(z) = 2*z**2 - 26*z + 87. Let o be g(9). Give y(o).
-7
Let c = -27 + 25. Let l = c + 12. Let z(g) = -2*g + 2 + 9*g**2 - l*g**2 - 4*g. Give z(-6).
2
Let y(q) be the first derivative of 2*q**5/5 - q**4/6 + q**3/6 + 2*q - 2. Let n(c) be the first derivative of y(c). Suppose -22*d + 27*d = 5. Calculate n(d).
7
Let v(m) = -2*m**2 - 4*m + 5. Suppose -2*b = 3*x - 25, 9*x - 20 = 7*x - 2*b. Suppose 0 = -4*u - x*k - 36, -3*u - 5*k = -16 + 48. Determine v(u).
-11
Let q(f) be the first derivative of -f**2 - f - 1. Let n(r) = -31*r - 1925. Let z be n(-62). Calculate q(z).
5
Let d = 1070 - 1085. Let y(q) = q**2 + 14*q - 17. What is y(d)?
-2
Let g(f) = -2*f**3 + f + 1. Let i(n) = -7*n**3 - 13*n**2 - 8*n - 15. Let v(q) = 3*g(q) - i(q). Determine v(-12).
30
Suppose 9 = -d - 11*k + 13*k, 0 = 2*d + 5*k - 27. Let t(x) = x**3 - x**2 + x. Let f(j) = 9*j**2 + 9*j + 1. Let w(b) = d*t(b) + f(b). Calculate w(-7).
-20
Let s = 297 - 301. Let h(t) = 8 - 12 + 4 + 2 - t**2 - 4*t. Let u(j) = -3*j**2 - 13*j + 6. Let o(x) = -7*h(x) + 2*u(x). What is o(s)?
6
Let r = 7 - -3. Suppose -92 + 104 = -2*w - 4*d, d - 7 = -3*w. Suppose -r = -w*q + 2. Let a(s) = s**2 - 4*s. What is a(q)?
-3
Let w be 1428/(-30) - 2/5. Let i = 65 + w. Let t = 23 - i. Let z(a) = a + 2. What is z(t)?
8
Suppose 0 = -4*f + 35*x - 39*x - 20, 3*f = x - 3. Let b(j) = -3*j - 2*j - 4 - j. Give b(f).
8
Let b be (12/(-14))/(18/(-63)). Let t(y) = -4*y + y + b*y - y. Suppose 4*h = 3*h + 1. Give t(h).
-1
Let i be (-1)/3 - (1 - 24/18). Suppose -5*k + 8*k = i. Let a(c) be the first derivative of -c**2/2 + 5*c - 1. Calculate a(k).
5
Let k(b) = -3*b**3 - 53*b**2 - 204*b - 6. Let f be k(-12). Let u(y) = y**2 + 17*y + 20. What is u(f)?
-46
Let z(s) = 8*s + s**3 + 1 - 11*s + 2 + 6*s + 4*s**2. Let q = -8 - -22. Let p = q - 16. What is z(p)?
5
Let h(o) = o - 28. Let v = -248 + 237. Determine h(v).
-39
Suppose 0 = g - 2072 - 200. Let j(t) = g + 7*t**2 - t**3 - 2280 - 2*t - 3*t. What is j(6)?
-2
Let c(v) = -1115*v + 243 + 1116*v - 233. Let y(d) = d**3 + 3*d**2 - d + 2. Let a be y(-4). What is c(a)?
0
Let d(w) = -61*w - 68 - 98 + 10 - 35*w - 243. Determine d(-4).
-15
Let w(u) = 17*u**2 - 55*u - 397. Let k(x) = -3*x**2 - 3*x. Let h(z) = -6*k(z) - w(z). Calculate h(-6).
-5
Let x = -53 + 31. Let m be -1 + 52/44 + (-62)/x. Let y(i) = 16*i**2 + 4 - 38*i**2 - 4*i + 23*i**2. Give y(m).
1
Suppose 2*a - 2 = 0, 0 = -4*t + 5*a + 134 - 19. Let c be ((-10)/25)/((-1)/t). Let z(l) = c*l - 2*l - 7 - 7*l - 2*l. What is z(8)?
1
Let l be (-80)/(-24)*((-9)/15 + 0). Let f(o) = 2*o**3 + 2*o**2 + 5*o + 1. Give f(l).
-17
Let p(l) = -l**2 + 12. Let s(v) be the third derivative of -v**5/12 + v**4/24 + 61*v**3/6 - 109*v**2. Let a(r) = 11*p(r) - 2*s(r). Calculate a(-5).
-5
Suppose 1630*n